{"id":786,"date":"2021-02-03T12:37:05","date_gmt":"2021-02-03T12:37:05","guid":{"rendered":"https:\/\/cleanr.lv\/?page_id=786"},"modified":"2026-02-25T13:02:06","modified_gmt":"2026-02-25T13:02:06","slug":"vakances","status":"publish","type":"page","link":"https:\/\/vizii.lv\/vizii\/vakances\/","title":{"rendered":"Vakances"},"content":{"rendered":"","protected":false},"excerpt":{"rendered":"","protected":false},"author":1,"featured_media":0,"parent":0,"menu_order":0,"comment_status":"closed","ping_status":"closed","template":"template-vacancies.php","meta":{"_acf_changed":false,"inline_featured_image":false,"footnotes":""},"class_list":["post-786","page","type-page","status-publish","hentry"],"acf":[],"yoast_head":"<!-- This site is optimized with the Yoast SEO plugin v27.0 - https:\/\/yoast.com\/product\/yoast-seo-wordpress\/ -->\n<title>Vakances - Vizii<\/title>\n<meta name=\"description\" content=\"Vizii vakances - Pievienojies strauj\u0101k augo\u0161ajam uzkop\u0161anas uz\u0146\u0113mumam Latvij\u0101.\" \/>\n<meta name=\"robots\" content=\"index, follow, max-snippet:-1, max-image-preview:large, max-video-preview:-1\" \/>\n<link rel=\"canonical\" href=\"https:\/\/vizii.lv\/vizii\/vakances\/\" \/>\n<meta property=\"og:locale\" content=\"en_US\" \/>\n<meta property=\"og:type\" content=\"article\" \/>\n<meta property=\"og:title\" content=\"Vakances - Vizii\" \/>\n<meta property=\"og:description\" content=\"Vizii vakances - Pievienojies strauj\u0101k augo\u0161ajam uzkop\u0161anas uz\u0146\u0113mumam Latvij\u0101.\" \/>\n<meta property=\"og:url\" content=\"https:\/\/vizii.lv\/vizii\/vakances\/\" \/>\n<meta property=\"og:site_name\" content=\"Vizii\" \/>\n<meta property=\"article:modified_time\" content=\"2026-02-25T13:02:06+00:00\" \/>\n<meta name=\"twitter:card\" content=\"summary_large_image\" \/>\n<script type=\"application\/ld+json\" class=\"yoast-schema-graph\">{\"@context\":\"https:\/\/schema.org\",\"@graph\":[{\"@type\":\"WebPage\",\"@id\":\"https:\/\/vizii.lv\/vizii\/vakances\/\",\"url\":\"https:\/\/vizii.lv\/vizii\/vakances\/\",\"name\":\"Vakances - Vizii\",\"isPartOf\":{\"@id\":\"https:\/\/vizii.lv\/vizii\/#website\"},\"datePublished\":\"2021-02-03T12:37:05+00:00\",\"dateModified\":\"2026-02-25T13:02:06+00:00\",\"description\":\"Vizii vakances - Pievienojies strauj\u0101k augo\u0161ajam uzkop\u0161anas uz\u0146\u0113mumam Latvij\u0101.\",\"inLanguage\":\"en-US\",\"potentialAction\":[{\"@type\":\"ReadAction\",\"target\":[\"https:\/\/vizii.lv\/vizii\/vakances\/\"]}]},{\"@type\":\"WebSite\",\"@id\":\"https:\/\/vizii.lv\/vizii\/#website\",\"url\":\"https:\/\/vizii.lv\/vizii\/\",\"name\":\"Vizii\",\"description\":\"\",\"potentialAction\":[{\"@type\":\"SearchAction\",\"target\":{\"@type\":\"EntryPoint\",\"urlTemplate\":\"https:\/\/vizii.lv\/vizii\/?s={search_term_string}\"},\"query-input\":{\"@type\":\"PropertyValueSpecification\",\"valueRequired\":true,\"valueName\":\"search_term_string\"}}],\"inLanguage\":\"en-US\"}]}<\/script>\n<!-- \/ Yoast SEO plugin. -->","yoast_head_json":{"title":"Vakances - Vizii","description":"Vizii vakances - Pievienojies strauj\u0101k augo\u0161ajam uzkop\u0161anas uz\u0146\u0113mumam Latvij\u0101.","robots":{"index":"index","follow":"follow","max-snippet":"max-snippet:-1","max-image-preview":"max-image-preview:large","max-video-preview":"max-video-preview:-1"},"canonical":"https:\/\/vizii.lv\/vizii\/vakances\/","og_locale":"en_US","og_type":"article","og_title":"Vakances - Vizii","og_description":"Vizii vakances - Pievienojies strauj\u0101k augo\u0161ajam uzkop\u0161anas uz\u0146\u0113mumam Latvij\u0101.","og_url":"https:\/\/vizii.lv\/vizii\/vakances\/","og_site_name":"Vizii","article_modified_time":"2026-02-25T13:02:06+00:00","twitter_card":"summary_large_image","schema":{"@context":"https:\/\/schema.org","@graph":[{"@type":"WebPage","@id":"https:\/\/vizii.lv\/vizii\/vakances\/","url":"https:\/\/vizii.lv\/vizii\/vakances\/","name":"Vakances - Vizii","isPartOf":{"@id":"https:\/\/vizii.lv\/vizii\/#website"},"datePublished":"2021-02-03T12:37:05+00:00","dateModified":"2026-02-25T13:02:06+00:00","description":"Vizii vakances - Pievienojies strauj\u0101k augo\u0161ajam uzkop\u0161anas uz\u0146\u0113mumam Latvij\u0101.","inLanguage":"en-US","potentialAction":[{"@type":"ReadAction","target":["https:\/\/vizii.lv\/vizii\/vakances\/"]}]},{"@type":"WebSite","@id":"https:\/\/vizii.lv\/vizii\/#website","url":"https:\/\/vizii.lv\/vizii\/","name":"Vizii","description":"","potentialAction":[{"@type":"SearchAction","target":{"@type":"EntryPoint","urlTemplate":"https:\/\/vizii.lv\/vizii\/?s={search_term_string}"},"query-input":{"@type":"PropertyValueSpecification","valueRequired":true,"valueName":"search_term_string"}}],"inLanguage":"en-US"}]}},"_links":{"self":[{"href":"https:\/\/vizii.lv\/vizii\/wp-json\/wp\/v2\/pages\/786","targetHints":{"allow":["GET"]}}],"collection":[{"href":"https:\/\/vizii.lv\/vizii\/wp-json\/wp\/v2\/pages"}],"about":[{"href":"https:\/\/vizii.lv\/vizii\/wp-json\/wp\/v2\/types\/page"}],"author":[{"embeddable":true,"href":"https:\/\/vizii.lv\/vizii\/wp-json\/wp\/v2\/users\/1"}],"replies":[{"embeddable":true,"href":"https:\/\/vizii.lv\/vizii\/wp-json\/wp\/v2\/comments?post=786"}],"version-history":[{"count":14,"href":"https:\/\/vizii.lv\/vizii\/wp-json\/wp\/v2\/pages\/786\/revisions"}],"predecessor-version":[{"id":4744,"href":"https:\/\/vizii.lv\/vizii\/wp-json\/wp\/v2\/pages\/786\/revisions\/4744"}],"wp:attachment":[{"href":"https:\/\/vizii.lv\/vizii\/wp-json\/wp\/v2\/media?parent=786"}],"curies":[{"name":"wp","href":"https:\/\/api.w.org\/{rel}","templated":true}]}}